. Give p(t).
13
Let r(o) = -59 - 53 - o + 124. Determine r(0).
12
Suppose 2*w + 0*w + 5*a = 0, -3*a = 3*w. Let y = w - 1. Let z be y - (-1 - 0) - -2. Let h(v) = v**3 - 2*v**2 + 1. Determine h(z).
1
Let l be (-2)/10 - 112/40. Let s(m) = -m**2 - 3*m - 3. Give s(l).
-3
Let y(b) = 2*b - 3. Let l be y(2). Let v(m) = l + 2*m**2 - 32*m**3 + 31*m**3 + 5*m - 3*m. Let n(c) = -3*c**3 - c**2 + c + 1. Let f be n(-1). What is v(f)?
5
Let x(k) be the third derivative of 11*k**4/24 + 3*k**3/2 + 2*k**2. Let v(a) = 16*a + 13. Let c(p) = 5*v(p) - 7*x(p). Calculate c(2).
8
Suppose 0 = -o + 1 + 2. Let h(q) = 6*q + q**o - q - 6 + 5*q**2 + q. Let l(c) = -3*c**3 - 14*c**2 - 17*c + 18. Let r(y) = 17*h(y) + 6*l(y). What is r(0)?
6
Let s(x) = -x + 13. Let v be s(10). Suppose -21 = -v*y - 6. Let o(b) = -b**2 + 6*b - 5. Calculate o(y).
0
Let k(l) = l**3 - l**2 + l + 3. Let m be k(0). Suppose 8 = 2*u - 3*t + t, -m = 3*t. Let w(a) = -a**3 + 2*a**2 + 4*a - 1. What is w(u)?
2
Let x(n) be the third derivative of n**6/120 - n**5/15 + n**4/12 - n**3/2 - 8*n**2. Calculate x(4).
5
Let z(t) be the first derivative of t**2/2 - 115. Let q be (0 + 2/(-5))*-5. Suppose -u + 13 = 4*i, -4*u + q*i = 6 - 22. Determine z(u).
5
Let i(b) = -b**3 - 2*b**2 + 3. Let o be (-2)/1*(-36)/8. Suppose -d + 4*d = -o. Calculate i(d).
12
Let s(h) = h**3 - 5*h**2 - 4*h + 7. Let v = 9 - 4. Give s(v).
-13
Suppose -5*z - 20 = 5*l, l = -0*l - 4*z - 19. Let x(m) = 13*m**3 + m. Determine x(l).
14
Let z = -2 - -1. Let w(i) be the second derivative of i**6/40 - i**5/120 - i**4/24 - i**3/2 - i. Let x(q) be the second derivative of w(q). Determine x(z).
9
Suppose 0*i = 4*i + 12. Let a(k) = k**3 + 2*k**2 - 2*k - 2. Determine a(i).
-5
Suppose -2*y + 35 = 3*y. Let s(g) = -2*g + 8. Let m be s(y). Let f(k) = -k**3 - 6*k**2 - 2*k - 8. What is f(m)?
4
Let y(n) = n**2 - 2*n - 8. Let m(h) = h. Let f(i) = 2*m(i) + y(i). Calculate f(0).
-8
Let h(i) = 4*i + 265 - 267 - 3*i. Give h(4).
2
Let o(m) = -m**2 + 6*m - 1. Let z(i) = -2*i**2 + 12*i - 1. Let u(j) = 5*o(j) - 3*z(j). Let w be 18/(-2)*(-2)/3. Determine u(w).
-2
Let b = 2 - -1. Suppose -z - 4*m + 2*m - 8 = 0, -b*z + 3*m + 21 = 0. Let d(u) = 7*u - 2. Let h(y) = -3*y + 1. Let x(w) = -2*d(w) - 5*h(w). Give x(z).
1
Let l(t) = 3 + 0 - 2*t - 4*t + t**2 + 0*t. Give l(5).
-2
Let n(d) = d**3 + 4*d**2 - 2*d + 7. Let t(o) = -o**2 + o - 1. Let q(k) = -n(k) - 4*t(k). Let m = -48 + 46. Give q(m).
9
Suppose q + 0 = z + 6, 0 = -z - q - 6. Let m(i) = -3*i - 6. Calculate m(z).
12
Let j(c) = 2*c**3 + c - 2. Let i be j(2). Suppose -6 = -5*r - i. Let s(v) = v**3 + 3*v**2 - v - 2. What is s(r)?
4
Let o(q) be the second derivative of -q**5/20 - 5*q**4/12 + q**3 + q**2/2 - 39*q. What is o(-6)?
1
Let d(l) = l**2 - 1. Let g(n) = n**2 - 4*n + 6. Let i(f) = 2*d(f) - g(f). What is i(-6)?
4
Let f be (1*12)/((-9)/(-6)). Suppose -2*r + f = -3*i, 5*i - r + 13 + 5 = 0. Let t = 8 + i. Let h(c) = -c**2 + 4*c + 1. What is h(t)?
1
Suppose 16 = -5*s - 9. Let f(b) = 2*b**3 - 3*b**2 - 13*b - 7. Let o(l) = -3*l**3 + 4*l**2 + 20*l + 11. Let v(m) = s*o(m) - 8*f(m). Determine v(5).
-4
Let d(u) = -13*u**3 - 10*u**2 - 21*u - 17. Suppose p - 2*p - 6 = 0. Let x(n) = 7*n**3 + 5*n**2 + 11*n + 9. Let m(g) = p*d(g) - 11*x(g). What is m(-3)?
6
Let a = 4 + 1. Let y(s) be the first derivative of s**7/840 - s**6/72 + s**4/12 - 4*s**3/3 + 5. Let l(t) be the third derivative of y(t). What is l(a)?
2
Suppose 3*u = 2*u + 2. Let l(a) = -a**2 + 3*a + 1. Calculate l(u).
3
Let n be (-664)/72 + (-4)/(-18). Let g(w) = w**2 + 9*w - 1. Let x be g(n). Let q(c) = -9*c**3 + 2*c**2 - 1. Calculate q(x).
10
Let d(i) be the second derivative of 5*i**4/24 - i**3/6 + i**2/2 + i. Let v(q) be the first derivative of d(q). Calculate v(-1).
-6
Let u = 9/2 - 4. Let l(q) be the first derivative of 3 - u*q**2 - 4*q. Give l(0).
-4
Let s(i) be the second derivative of i**6/360 + i**5/30 - 5*i**4/24 - i**3/3 - 5*i. Let d(v) be the second derivative of s(v). Give d(-4).
-5
Let l be ((-6)/8)/((-6)/96). Suppose -3*h - l = -h. Let i(k) = k**2 + 10*k + 6. Let m(t) = 2*t**2 + 21*t + 12. Let p(o) = 7*i(o) - 3*m(o). Calculate p(h).
0
Let v(j) be the first derivative of j**4/4 - 4*j**3/3 + 3*j**2/2 - 3*j - 4. What is v(3)?
-3
Let w(h) = -3*h - 4. Let b = -16 - -12. Give w(b).
8
Suppose 2*q + 16 = -4*s, 0*s = 4*q - 5*s - 33. Let r(t) = -t**2 + 2*t - 3*t**2 + 3*t**q - 3*t. Suppose -2*z = 1 + 1. Calculate r(z).
0
Let c(x) = 1 + 2*x - 3 + 0*x. Give c(-3).
-8
Let j(o) = 3*o**3 - o**2. Suppose -24 = 4*w - 7*w. Suppose 3 = -5*v + w. Calculate j(v).
2
Let s(o) = o - 1. Let d be s(3). Let j be d/1*(-2 + 1). Let a(y) = -2*y**3 - 2*y**2 - 2*y - 3. Determine a(j).
9
Let t(m) = m + 2*m - 2*m. Let s be 2 - (-1 - (-3)/(-3)). Suppose -s*h + 4*g - 24 + 4 = 0, 4*h + 13 = -3*g. Give t(h).
-4
Let f(y) = 12*y**3 - 4 + 4 - 30*y**3. What is f(1)?
-18
Let i(a) = a - 4. Let r be i(5). Let d(s) = -3*s**3 + 11*s**2 - 11*s + 2. Let u(f) = f**3 - 6*f**2 + 6*f - 1. Let k(m) = 4*d(m) + 7*u(m). Give k(r).
-4
Let w(n) be the third derivative of -n**5/60 - 5*n**4/24 + 7*n**2. What is w(-6)?
-6
Let t(k) = k - 10. Let n be (12/(-3) - -7) + 9. Give t(n).
2
Let i(p) be the first derivative of -p - 1/3*p**3 + 5 + p**2. Determine i(3).
-4
Let w(q) = 4. Let l(f) = f + 11. Let c(d) = -4*l(d) + 11*w(d). What is c(-2)?
8
Suppose 2*v - 4*v = -5*z - 32, -5*v - 5*z = -10. Let r(j) = 8 - 5*j + 2 - j**2 - v. Calculate r(-6).
-2
Let d(n) = -3*n**3 + 3*n**2 - n - 2. Let g = 3 - 1. What is d(g)?
-16
Let d(i) = 18*i**3 + 9*i**2 + 11*i - 9. Let j(u) = -9*u**3 - 5*u**2 - 6*u + 5. Let o(p) = 6*d(p) + 11*j(p). Let v be (1/(-2))/(1/2). Determine o(v).
-9
Let b(r) = -r - r**3 - 7*r**2 - 2 - 6*r**2 + 7*r**2. Give b(-6).
4
Let f(d) = -3*d. Suppose 0 = 2*z - 4*z - 4. Calculate f(z).
6
Suppose 0*b - 4*b + 24 = 0. Let k(r) = b - 2 + 1 + r. Give k(0).
5
Let y(i) = 2*i. Let t = -70 + 74. Determine y(t).
8
Suppose k - 6 = -1. Let t(p) = -p + 2*p + k + p. Calculate t(-5).
-5
Let p(u) = u**2 - u - 2. Let z be 2/2 + -1 + 12/4. What is p(z)?
4
Let i = -9 + 9. Suppose 2*x - 6 + 2 = i. Let t(g) = -g**x + 0 + 0*g - 2*g + 2. What is t(-4)?
-6
Let s(d) be the first derivative of d**4/4 - 2*d**3 + 3*d**2/2 - 15. Give s(5).
-10
Let g be (-1)/(2 - 3) - 1. Let i(t) = -t**3 + t**2 + t + 1. What is i(g)?
1
Let h(z) = -z**2 - 5*z + 1. Let o(m) = 4*m**2 + 19*m - 3. Let q(f) = 9*h(f) + 2*o(f). Calculate q(-4).
15
Let b(h) = -h**3 - 2*h**2 + 3*h - 2. Suppose 6*j - 16*j = 40. Calculate b(j).
18
Let p(r) be the first derivative of r**7/840 - r**6/120 - r**5/40 + r**4/8 + 2*r**3 + 4. Let t(c) be the third derivative of p(c). Calculate t(4).
7
Let y be (-30)/(-40) + (-38)/8. Let w be (-46)/(-8) + 3/y. Let b(m) = -m**2 + 6*m - 2. Determine b(w).
3
Suppose -7*r + 8*r = 4, 3*d + 1 = -2*r. Let z(i) be the third derivative of -i**5/60 - i**4/12 - i**3/6 + i**2. What is z(d)?
-4
Let u = -9 + 6. Let c(o) = 3*o**3 + 6*o**2 - o + 2. Let p(n) = -4*n**3 - 7*n**2 + 2*n - 2. Suppose -8*a - 6 = -5*a. Let l(d) = a*p(d) - 3*c(d). Calculate l(u).
-8
Let a(l) = -1 + 2*l**2 + 4 - 4 - l. Let n be -2*(((-16)/(-4) - 4) + -1). Calculate a(n).
5
Let v(c) be the third derivative of -1/2*c**3 - c**2 + 1/24*c**4 + 0*c + 0. Give v(-5).
-8
Let w(y) = y**3 + 2*y**2 - 2*y - 3. Let v be w(-2). Let h(a) = -2*a**2 + 3 + v - 2. Give h(-2).
-6
Let t(u) = u**2 - 4*u + 2. Let v(w) = -w + 1. Let d(x) = -t(x) - 4*v(x). Determine d(6).
6
Let x(v) = -v - 5. Let b = 0 + -4. Determine x(b).
-1
Let y(g) = 6*g + 6. Let f be y(-2). Let v(m) = m**3 + 6*m**2 + 3*m + 7. Determine v(f).
-11
Let l(g) = -g - 9. Let y be l(-3). Let w(m) = m**2 + 6*m - 7. Determine w(y).
-7
Let k(n) = -6*n**3 + n**2 - 1. Let v(w) = 7*w**3 - 2*w**2 - w. Let h(b) = -6*k(b) - 5*v(b). Calculate h(-4).
-14
Suppose 4*f = y + 14, 0 = f - 4. Let q(j) = 3*j - 2*j**2 - 2*j + 5*j**2 - 4*j**y + 2. Calculate q(0).
2
Let j(z) = 3*z**2 - 2*z. Let p(d) = -d**2 + 13*d + 28. Let n be p(15). Calculate j(n).
16
Suppose 0 + 2 = -2*s. Let b(a) = 17*a**2 - 1. Determine b(s).
16
Let i(u) = -u**2 + 3. Suppose 9 = 3*h - 6. Suppose -h*q + 3*q + 5*g + 22 = 0, 3*q + 3*g = -9. Let o = 1 - q. Give i(o).
3
Let p(f) = 7*f**3 + 12*f**2 + 6*f + 1. Let n(z) = 10*z**3 + 18*z**2 + 9*z + 2. Let r(u) = -5*n(u) + 7*p(u). Determine r(-5).
-13
Let x(m) be the third d